{"id":19,"date":"2023-03-24T16:43:50","date_gmt":"2023-03-24T15:43:50","guid":{"rendered":"https:\/\/xn--aroulepournous-fjb.fr\/?page_id=19"},"modified":"2024-05-10T10:03:29","modified_gmt":"2024-05-10T08:03:29","slug":"nos-soutiens","status":"publish","type":"page","link":"https:\/\/caroulepournous.fr\/index.php\/nos-soutiens\/","title":{"rendered":"Nos soutiens"},"content":{"rendered":"\n<h2 class=\"wp-block-heading\">Une ovation pour nos magiciens de l\u2019informatique&nbsp;!<\/h2>\n\n\n\n<ul class=\"wp-block-list\">\n<li>Associ\u00e9 fondateur d\u2019<a href=\"https:\/\/www.adexos.fr\" data-type=\"URL\" data-id=\"https:\/\/www.adexos.fr\">Adexos<\/a> et <a href=\"https:\/\/www.amphibee.fr\" data-type=\"URL\" data-id=\"https:\/\/www.amphibee.fr\">Amphibee<\/a>, soci\u00e9t\u00e9s du Nord de la France sp\u00e9cialis\u00e9es en e-commerce&nbsp;; Nicolas Leroy est passionn\u00e9 de web. A ses heures perdues, il aime bien donner un coup de pouce \u00e0 des projets r\u00e9solument positifs. Un grand merci \u00e0 lui, car ce blog n\u2019aurait jamais vu le jour sans sa pr\u00e9cieuse aide&nbsp;!<\/li>\n\n\n\n<li>Merci \u00e9galement \u00e0 Nathalie et Charly pour les mises en page de dossier, corrections, \u2026<\/li>\n<\/ul>\n\n\n\n<h2 class=\"wp-block-heading\">Un tonnerre d\u2019applaudissements pour nos p\u00e9tillantes cr\u00e9atrices !<\/h2>\n\n\n\n<ul class=\"wp-block-list\">\n<li>Elisabeth, couturi\u00e8re talentueuse nous ayant cr\u00e9\u00e9 des poches color\u00e9es en toile de parachute \u00e0 zip, \u00e0 cordons, \u2026 pour ranger nos innombrables affaires\u2026<\/li>\n<\/ul>\n\n\n\n<figure class=\"wp-block-image size-large\"><img loading=\"lazy\" decoding=\"async\" width=\"1024\" height=\"768\" src=\"https:\/\/xn--aroulepournous-fjb.fr\/wp-content\/uploads\/2023\/03\/IMG-20230329-WA0004-1024x768.jpg\" alt=\"\" class=\"wp-image-133\" srcset=\"https:\/\/caroulepournous.fr\/wp-content\/uploads\/2023\/03\/IMG-20230329-WA0004-1024x768.jpg 1024w, https:\/\/caroulepournous.fr\/wp-content\/uploads\/2023\/03\/IMG-20230329-WA0004-300x225.jpg 300w, https:\/\/caroulepournous.fr\/wp-content\/uploads\/2023\/03\/IMG-20230329-WA0004-768x576.jpg 768w, https:\/\/caroulepournous.fr\/wp-content\/uploads\/2023\/03\/IMG-20230329-WA0004-1536x1152.jpg 1536w, https:\/\/caroulepournous.fr\/wp-content\/uploads\/2023\/03\/IMG-20230329-WA0004-780x585.jpg 780w, https:\/\/caroulepournous.fr\/wp-content\/uploads\/2023\/03\/IMG-20230329-WA0004.jpg 1600w\" sizes=\"auto, (max-width: 1024px) 100vw, 1024px\" \/><\/figure>\n\n\n\n<p><\/p>\n\n\n<div class=\"wp-block-image\">\n<figure class=\"aligncenter size-full\"><img loading=\"lazy\" decoding=\"async\" width=\"353\" height=\"198\" src=\"https:\/\/xn--aroulepournous-fjb.fr\/wp-content\/uploads\/2023\/03\/20230329_153634-e1680121354239.jpg\" alt=\"\" class=\"wp-image-134\" srcset=\"https:\/\/caroulepournous.fr\/wp-content\/uploads\/2023\/03\/20230329_153634-e1680121354239.jpg 353w, https:\/\/caroulepournous.fr\/wp-content\/uploads\/2023\/03\/20230329_153634-e1680121354239-300x168.jpg 300w\" sizes=\"auto, (max-width: 353px) 100vw, 353px\" \/><figcaption class=\"wp-element-caption\">Pour la contacter&nbsp;: <a href=\"mailto:elisabeth.guiolet@laposte.net\">elisabeth.guiolet@laposte.net<\/a>.<\/figcaption><\/figure>\n<\/div>\n\n\n<ul class=\"wp-block-list\">\n<li>Flora Lauriola, qui a toujours eu entre les mains un appareil photo.<\/li>\n<\/ul>\n\n\n\n<p>Merci pour ces beaux instants et tes photos Flora&nbsp;!<br>Vous pouvez la retrouver sur&nbsp;: <a href=\"http:\/\/floralauriola.fr\/\">http:\/\/floralauriola.fr\/<\/a><\/p>\n\n\n<div class=\"wp-block-image\">\n<figure class=\"aligncenter size-medium\"><img loading=\"lazy\" decoding=\"async\" width=\"300\" height=\"282\" src=\"https:\/\/xn--aroulepournous-fjb.fr\/wp-content\/uploads\/2023\/05\/LOGO-TRANSPARENT-soutien-photographe-300x282.png\" alt=\"\" class=\"wp-image-209\" srcset=\"https:\/\/caroulepournous.fr\/wp-content\/uploads\/2023\/05\/LOGO-TRANSPARENT-soutien-photographe-300x282.png 300w, https:\/\/caroulepournous.fr\/wp-content\/uploads\/2023\/05\/LOGO-TRANSPARENT-soutien-photographe-768x723.png 768w, https:\/\/caroulepournous.fr\/wp-content\/uploads\/2023\/05\/LOGO-TRANSPARENT-soutien-photographe.png 778w\" sizes=\"auto, (max-width: 300px) 100vw, 300px\" \/><\/figure>\n<\/div>\n\n\n<ul class=\"wp-block-list\">\n<li>C\u00e9lia, Artiste, pleine d\u2019enthousiasme pour chacun de ses projets, nous vous invitons \u00e0 la d\u00e9couvrir sur instagram&nbsp;: @celia.feron Merci C\u00e9lia de nous avoir faire notre logo pour notre page facebook \ud83d\ude42<\/li>\n<\/ul>\n\n\n\n<h2 class=\"wp-block-heading\">Hip hip hourra pour les pr\u00e9cieux conseils et remises des professionnels v\u00e9lo et voyage&nbsp;!<\/h2>\n\n\n\n<ul class=\"wp-block-list\">\n<li>Le magasin d\u2019<a href=\"https:\/\/ona-bikes.com\/\" data-type=\"URL\" data-id=\"https:\/\/ona-bikes.com\/\">Ona-bikes<\/a> situ\u00e9 \u00e0 Annecy qui nous a renseign\u00e9 sur les tandem Pino-Hase et Performer ainsi que sur les pi\u00e8ces d\u00e9tach\u00e9es avec patience et grand professionnalisme.<\/li>\n<\/ul>\n\n\n\n<ul class=\"wp-block-list\">\n<li>Julien de <a href=\"https:\/\/www.cyclo-randonnee.fr\/\" data-type=\"URL\" data-id=\"https:\/\/www.cyclo-randonnee.fr\/\">Cyclo-randonn\u00e9e.fr<\/a> pour ses conseils sur la remorque tout terrain singletrailer<\/li>\n\n\n\n<li><a href=\"https:\/\/www.chapkadirect.fr\/index.php?action=produit&amp;id=795&amp;app=cd_opefr&amp;tracking=partenariat_caroulepournous\" data-type=\"URL\" data-id=\"https:\/\/www.chapkadirect.fr\/index.php?action=produit&amp;id=795&amp;app=cd_opefr&amp;tracking=partenariat_caroulepournous\">Chapka Assurance<\/a> pour leur coup de pouce imm\u00e9diat d\u00e8s la connaissance de notre projet!<\/li>\n<\/ul>\n\n\n<div class=\"wp-block-image\">\n<figure class=\"aligncenter size-medium\"><a href=\"https:\/\/www.chapkadirect.fr\/index.php?action=produit&amp;id=795&amp;app=cd_opefr&amp;tracking=partenariat_caroulepournous\"><img loading=\"lazy\" decoding=\"async\" width=\"300\" height=\"90\" src=\"https:\/\/xn--aroulepournous-fjb.fr\/wp-content\/uploads\/2023\/06\/988-300x90.png\" alt=\"Assurance voyage Chapka\" class=\"wp-image-258\" srcset=\"https:\/\/caroulepournous.fr\/wp-content\/uploads\/2023\/06\/988-300x90.png 300w, https:\/\/caroulepournous.fr\/wp-content\/uploads\/2023\/06\/988-1024x307.png 1024w, https:\/\/caroulepournous.fr\/wp-content\/uploads\/2023\/06\/988-768x230.png 768w, https:\/\/caroulepournous.fr\/wp-content\/uploads\/2023\/06\/988-1536x460.png 1536w, https:\/\/caroulepournous.fr\/wp-content\/uploads\/2023\/06\/988-2048x614.png 2048w, https:\/\/caroulepournous.fr\/wp-content\/uploads\/2023\/06\/988-1600x479.png 1600w, https:\/\/caroulepournous.fr\/wp-content\/uploads\/2023\/06\/988-780x234.png 780w\" sizes=\"auto, (max-width: 300px) 100vw, 300px\" \/><\/a><\/figure>\n<\/div>\n\n\n<ul class=\"wp-block-list\">\n<li>D\u00e9cathlon Bouliac, et notamment sa directrice et C\u00e9cile, la responsable du rayon v\u00e9lo<\/li>\n\n\n\n<li>Le site <a href=\"https:\/\/www.lespetitsbaroudeurs.com\/\" data-type=\"URL\" data-id=\"https:\/\/www.lespetitsbaroudeurs.com\/\">les petis baroudeurs<\/a> (notamment pour les remises sur les v\u00eatements enfants en laine m\u00e9rinos)<\/li>\n\n\n\n<li>Le site <a href=\"https:\/\/www.hamac-paris.fr\/\" data-type=\"URL\" data-id=\"https:\/\/www.hamac-paris.fr\/\">Hamac et ses couches lavables<\/a> au top!<\/li>\n<\/ul>\n\n\n\n<h2 class=\"wp-block-heading\">Une recommandation sp\u00e9ciale pour Meis Ferry Lines<\/h2>\n\n\n\n<p>Merci \u00e0 la soci\u00e9t\u00e9 de bateau Meis Ferry Lines de nous avoir soutenu dans notre projet. Gentillesse hors norme et joli prix pour notre travers\u00e9e entre la Turquie et la Gr\u00e8ce.<\/p>\n\n\n<div class=\"wp-block-image\">\n<figure class=\"aligncenter size-large is-resized\"><a href=\"https:\/\/www.meisferrylines.com\"><img loading=\"lazy\" decoding=\"async\" width=\"1024\" height=\"290\" src=\"https:\/\/caroulepournous.fr\/wp-content\/uploads\/2024\/05\/logo-light-1024x290.webp\" alt=\"\" class=\"wp-image-1998\" style=\"width:312px;height:auto\" srcset=\"https:\/\/caroulepournous.fr\/wp-content\/uploads\/2024\/05\/logo-light-1024x290.webp 1024w, https:\/\/caroulepournous.fr\/wp-content\/uploads\/2024\/05\/logo-light-300x85.webp 300w, https:\/\/caroulepournous.fr\/wp-content\/uploads\/2024\/05\/logo-light-768x218.webp 768w, https:\/\/caroulepournous.fr\/wp-content\/uploads\/2024\/05\/logo-light-780x221.webp 780w, https:\/\/caroulepournous.fr\/wp-content\/uploads\/2024\/05\/logo-light.webp 1368w\" sizes=\"auto, (max-width: 1024px) 100vw, 1024px\" \/><\/a><\/figure>\n<\/div>\n\n\n<p class=\"has-text-align-center\">Merci <a href=\"http:\/\/www.meisferrylines.com\" data-type=\"link\" data-id=\"www.meisferrylines.com\">www.meisferrylines.com<\/a>.<\/p>\n\n\n\n<h2 class=\"wp-block-heading\">Et un immense et sinc\u00e8re merci aux personnes suivantes :<\/h2>\n\n\n\n<ul class=\"wp-block-list\">\n<li> Alice et Marion, pour avoir pass\u00e9 du temps avec nous pour la bonne compr\u00e9hension des programmes scolaires de CP et CE2 ainsi que pour la prise en main des documents utilis\u00e9s<\/li>\n\n\n\n<li>Bruno, qui nous a pr\u00eat\u00e9 sans h\u00e9sitation un bout de son chez lui pour nos affaires<\/li>\n\n\n\n<li>Coralie, ma sage-femme et St\u00e9phanie, ma kin\u00e9 pour m&rsquo;avoir remise en forme de mani\u00e8re intelligente et intensive suite \u00e0 l&rsquo;accouchement avec un dynamisme \u00e0 toute \u00e9preuve (ainsi qu&rsquo;\u00e0 toutes les patientes s&rsquo;\u00e9tant occup\u00e9es d&rsquo;Anna pour que je finisse mes s\u00e9ances)<\/li>\n\n\n\n<li>A nos familles et amis, qui nous soutiennent dans notre projet, qui parfois, on le sait, le trouve un peu fou<\/li>\n<\/ul>\n","protected":false},"excerpt":{"rendered":"<p>Une ovation pour nos magiciens de l\u2019informatique&nbsp;! Un tonnerre d\u2019applaudissements pour nos p\u00e9tillantes cr\u00e9atrices ! Merci pour ces beaux instants et tes photos Flora&nbsp;!Vous pouvez la retrouver sur&nbsp;: http:\/\/floralauriola.fr\/ Hip hip hourra pour les pr\u00e9cieux conseils et remises des professionnels v\u00e9lo et voyage&nbsp;! Une recommandation sp\u00e9ciale pour Meis Ferry Lines Merci \u00e0 la soci\u00e9t\u00e9 de &hellip;<\/p>\n","protected":false},"author":1,"featured_media":0,"parent":0,"menu_order":0,"comment_status":"open","ping_status":"closed","template":"","meta":{"footnotes":""},"class_list":["post-19","page","type-page","status-publish","hentry","entry entry-center"],"jetpack_sharing_enabled":true,"_links":{"self":[{"href":"https:\/\/caroulepournous.fr\/index.php\/wp-json\/wp\/v2\/pages\/19","targetHints":{"allow":["GET"]}}],"collection":[{"href":"https:\/\/caroulepournous.fr\/index.php\/wp-json\/wp\/v2\/pages"}],"about":[{"href":"https:\/\/caroulepournous.fr\/index.php\/wp-json\/wp\/v2\/types\/page"}],"author":[{"embeddable":true,"href":"https:\/\/caroulepournous.fr\/index.php\/wp-json\/wp\/v2\/users\/1"}],"replies":[{"embeddable":true,"href":"https:\/\/caroulepournous.fr\/index.php\/wp-json\/wp\/v2\/comments?post=19"}],"version-history":[{"count":23,"href":"https:\/\/caroulepournous.fr\/index.php\/wp-json\/wp\/v2\/pages\/19\/revisions"}],"predecessor-version":[{"id":1999,"href":"https:\/\/caroulepournous.fr\/index.php\/wp-json\/wp\/v2\/pages\/19\/revisions\/1999"}],"wp:attachment":[{"href":"https:\/\/caroulepournous.fr\/index.php\/wp-json\/wp\/v2\/media?parent=19"}],"curies":[{"name":"wp","href":"https:\/\/api.w.org\/{rel}","templated":true}]}}

<h2 class="wp-block-heading">Une ovation pour nos magiciens de l’informatique&nbsp;!</h2>



<ul class="wp-block-list">
<li>Associé fondateur d’<a href="https://www.adexos.fr" data-type="URL" data-id="https://www.adexos.fr">Adexos</a> et <a href="https://www.amphibee.fr" data-type="URL" data-id="https://www.amphibee.fr">Amphibee</a>, sociétés du Nord de la France spécialisées en e-commerce&nbsp;; Nicolas Leroy est passionné de web. A ses heures perdues, il aime bien donner un coup de pouce à des projets résolument positifs. Un grand merci à lui, car ce blog n’aurait jamais vu le jour sans sa précieuse aide&nbsp;!</li>



<li>Merci également à Nathalie et Charly pour les mises en page de dossier, corrections, …</li>
</ul>



<h2 class="wp-block-heading">Un tonnerre d’applaudissements pour nos pétillantes créatrices !</h2>



<ul class="wp-block-list">
<li>Elisabeth, couturière talentueuse nous ayant créé des poches colorées en toile de parachute à zip, à cordons, … pour ranger nos innombrables affaires…</li>
</ul>



<figure class="wp-block-image size-large"><img loading="lazy" decoding="async" width="1024" height="768" src="https://xn--aroulepournous-fjb.fr/wp-content/uploads/2023/03/IMG-20230329-WA0004-1024x768.jpg" alt="" class="wp-image-133" srcset="https://caroulepournous.fr/wp-content/uploads/2023/03/IMG-20230329-WA0004-1024x768.jpg 1024w, https://caroulepournous.fr/wp-content/uploads/2023/03/IMG-20230329-WA0004-300x225.jpg 300w, https://caroulepournous.fr/wp-content/uploads/2023/03/IMG-20230329-WA0004-768x576.jpg 768w, https://caroulepournous.fr/wp-content/uploads/2023/03/IMG-20230329-WA0004-1536x1152.jpg 1536w, https://caroulepournous.fr/wp-content/uploads/2023/03/IMG-20230329-WA0004-780x585.jpg 780w, https://caroulepournous.fr/wp-content/uploads/2023/03/IMG-20230329-WA0004.jpg 1600w" sizes="auto, (max-width: 1024px) 100vw, 1024px" /></figure>



<p></p>


<div class="wp-block-image">
<figure class="aligncenter size-full"><img loading="lazy" decoding="async" width="353" height="198" src="https://xn--aroulepournous-fjb.fr/wp-content/uploads/2023/03/20230329_153634-e1680121354239.jpg" alt="" class="wp-image-134" srcset="https://caroulepournous.fr/wp-content/uploads/2023/03/20230329_153634-e1680121354239.jpg 353w, https://caroulepournous.fr/wp-content/uploads/2023/03/20230329_153634-e1680121354239-300x168.jpg 300w" sizes="auto, (max-width: 353px) 100vw, 353px" /><figcaption class="wp-element-caption">Pour la contacter&nbsp;: <a href="mailto:elisabeth.guiolet@laposte.net">elisabeth.guiolet@laposte.net</a>.</figcaption></figure>
</div>


<ul class="wp-block-list">
<li>Flora Lauriola, qui a toujours eu entre les mains un appareil photo.</li>
</ul>



<p>Merci pour ces beaux instants et tes photos Flora&nbsp;!<br>Vous pouvez la retrouver sur&nbsp;: <a href="http://floralauriola.fr/">http://floralauriola.fr/</a></p>


<div class="wp-block-image">
<figure class="aligncenter size-medium"><img loading="lazy" decoding="async" width="300" height="282" src="https://xn--aroulepournous-fjb.fr/wp-content/uploads/2023/05/LOGO-TRANSPARENT-soutien-photographe-300x282.png" alt="" class="wp-image-209" srcset="https://caroulepournous.fr/wp-content/uploads/2023/05/LOGO-TRANSPARENT-soutien-photographe-300x282.png 300w, https://caroulepournous.fr/wp-content/uploads/2023/05/LOGO-TRANSPARENT-soutien-photographe-768x723.png 768w, https://caroulepournous.fr/wp-content/uploads/2023/05/LOGO-TRANSPARENT-soutien-photographe.png 778w" sizes="auto, (max-width: 300px) 100vw, 300px" /></figure>
</div>


<ul class="wp-block-list">
<li>Célia, Artiste, pleine d’enthousiasme pour chacun de ses projets, nous vous invitons à la découvrir sur instagram&nbsp;: @celia.feron Merci Célia de nous avoir faire notre logo pour notre page facebook 🙂</li>
</ul>



<h2 class="wp-block-heading">Hip hip hourra pour les précieux conseils et remises des professionnels vélo et voyage&nbsp;!</h2>



<ul class="wp-block-list">
<li>Le magasin d’<a href="https://ona-bikes.com/" data-type="URL" data-id="https://ona-bikes.com/">Ona-bikes</a> situé à Annecy qui nous a renseigné sur les tandem Pino-Hase et Performer ainsi que sur les pièces détachées avec patience et grand professionnalisme.</li>
</ul>



<ul class="wp-block-list">
<li>Julien de <a href="https://www.cyclo-randonnee.fr/" data-type="URL" data-id="https://www.cyclo-randonnee.fr/">Cyclo-randonnée.fr</a> pour ses conseils sur la remorque tout terrain singletrailer</li>



<li><a href="https://www.chapkadirect.fr/index.php?action=produit&amp;id=795&amp;app=cd_opefr&amp;tracking=partenariat_caroulepournous" data-type="URL" data-id="https://www.chapkadirect.fr/index.php?action=produit&amp;id=795&amp;app=cd_opefr&amp;tracking=partenariat_caroulepournous">Chapka Assurance</a> pour leur coup de pouce immédiat dès la connaissance de notre projet!</li>
</ul>


<div class="wp-block-image">
<figure class="aligncenter size-medium"><a href="https://www.chapkadirect.fr/index.php?action=produit&amp;id=795&amp;app=cd_opefr&amp;tracking=partenariat_caroulepournous"><img loading="lazy" decoding="async" width="300" height="90" src="https://xn--aroulepournous-fjb.fr/wp-content/uploads/2023/06/988-300x90.png" alt="Assurance voyage Chapka" class="wp-image-258" srcset="https://caroulepournous.fr/wp-content/uploads/2023/06/988-300x90.png 300w, https://caroulepournous.fr/wp-content/uploads/2023/06/988-1024x307.png 1024w, https://caroulepournous.fr/wp-content/uploads/2023/06/988-768x230.png 768w, https://caroulepournous.fr/wp-content/uploads/2023/06/988-1536x460.png 1536w, https://caroulepournous.fr/wp-content/uploads/2023/06/988-2048x614.png 2048w, https://caroulepournous.fr/wp-content/uploads/2023/06/988-1600x479.png 1600w, https://caroulepournous.fr/wp-content/uploads/2023/06/988-780x234.png 780w" sizes="auto, (max-width: 300px) 100vw, 300px" /></a></figure>
</div>


<ul class="wp-block-list">
<li>Décathlon Bouliac, et notamment sa directrice et Cécile, la responsable du rayon vélo</li>



<li>Le site <a href="https://www.lespetitsbaroudeurs.com/" data-type="URL" data-id="https://www.lespetitsbaroudeurs.com/">les petis baroudeurs</a> (notamment pour les remises sur les vêtements enfants en laine mérinos)</li>



<li>Le site <a href="https://www.hamac-paris.fr/" data-type="URL" data-id="https://www.hamac-paris.fr/">Hamac et ses couches lavables</a> au top!</li>
</ul>



<h2 class="wp-block-heading">Une recommandation spéciale pour Meis Ferry Lines</h2>



<p>Merci à la société de bateau Meis Ferry Lines de nous avoir soutenu dans notre projet. Gentillesse hors norme et joli prix pour notre traversée entre la Turquie et la Grèce.</p>


<div class="wp-block-image">
<figure class="aligncenter size-large is-resized"><a href="https://www.meisferrylines.com"><img loading="lazy" decoding="async" width="1024" height="290" src="https://caroulepournous.fr/wp-content/uploads/2024/05/logo-light-1024x290.webp" alt="" class="wp-image-1998" style="width:312px;height:auto" srcset="https://caroulepournous.fr/wp-content/uploads/2024/05/logo-light-1024x290.webp 1024w, https://caroulepournous.fr/wp-content/uploads/2024/05/logo-light-300x85.webp 300w, https://caroulepournous.fr/wp-content/uploads/2024/05/logo-light-768x218.webp 768w, https://caroulepournous.fr/wp-content/uploads/2024/05/logo-light-780x221.webp 780w, https://caroulepournous.fr/wp-content/uploads/2024/05/logo-light.webp 1368w" sizes="auto, (max-width: 1024px) 100vw, 1024px" /></a></figure>
</div>


<p class="has-text-align-center">Merci <a href="http://www.meisferrylines.com" data-type="link" data-id="www.meisferrylines.com">www.meisferrylines.com</a>.</p>



<h2 class="wp-block-heading">Et un immense et sincère merci aux personnes suivantes :</h2>



<ul class="wp-block-list">
<li> Alice et Marion, pour avoir passé du temps avec nous pour la bonne compréhension des programmes scolaires de CP et CE2 ainsi que pour la prise en main des documents utilisés</li>



<li>Bruno, qui nous a prêté sans hésitation un bout de son chez lui pour nos affaires</li>



<li>Coralie, ma sage-femme et Stéphanie, ma kiné pour m&rsquo;avoir remise en forme de manière intelligente et intensive suite à l&rsquo;accouchement avec un dynamisme à toute épreuve (ainsi qu&rsquo;à toutes les patientes s&rsquo;étant occupées d&rsquo;Anna pour que je finisse mes séances)</li>



<li>A nos familles et amis, qui nous soutiennent dans notre projet, qui parfois, on le sait, le trouve un peu fou</li>
</ul>

<p>Une ovation pour nos magiciens de l’informatique&nbsp;! Un tonnerre d’applaudissements pour nos pétillantes créatrices ! Merci pour ces beaux instants et tes photos Flora&nbsp;!Vous pouvez la retrouver sur&nbsp;: http://floralauriola.fr/ Hip hip hourra pour les précieux conseils et remises des professionnels vélo et voyage&nbsp;! Une recommandation spéciale pour Meis Ferry Lines Merci à la société de &hellip;</p>
